pose 5*o = -b*u + 2600, -o + 1044 = -3*u + 5*u. What is the tens digit of u?
2
Suppose -b + 5*f + 8 = 0, 9*b + 3*f - 40 = 4*b. What is the hundreds digit of 10 - b - 1*-225?
2
Let a(u) = 33*u + 156. Let n be a(-5). What is the hundreds digit of 5/((-5)/10215*n)?
1
Suppose 302 + 323 = 25*q. What is the tens digit of (2 + q/(-10))/(7/(-1022))?
7
Let f(q) = 23*q - 9. Let b(d) = -d**3 - 11*d**2 - 11*d - 6. Let s(l) = -11*l**3 + l**2. Let a be s(1). Let x be b(a). What is the tens digit of f(x)?
8
Let s(b) = -501*b - 106. Let f be s(-3). What is the hundreds digit of 16/((-12)/(-6)) + f?
4
Let u = 87 + -82. Suppose u*r = 4*q - 682 - 284, -3*r - 1201 = -5*q. What is the units digit of q?
9
Let c = 251 + -243. What is the tens digit of c/(-20) + (-8135)/(-25)?
2
Suppose -5*i + 9*r - 14*r = -4680, 2*i - 1869 = r. What is the units digit of i?
5
Let k be 13/((-13)/6) - -133. Let b = k + -19. What is the tens digit of b?
0
Let s = -55288 + 94496. What is the units digit of s?
8
Let k be 15/(-9)*(-1 + -2). Suppose 2*c - 10 = 0, -23*m + k*c = -27*m + 261. What is the units digit of m?
9
Let t(b) = -1456*b - 9. Let p = -581 + 580. What is the hundreds digit of t(p)?
4
Suppose 0 = 458*q - 457*q + 1. Let s(c) = 859*c**2 - 4*c - 4. What is the hundreds digit of s(q)?
8
Suppose 0 = m - 5*q - 21, -2*q = -m - q + 5. What is the tens digit of m + (-3058)/(-9) + (-36)/(-162)?
4
Let j(l) = 4*l - 4. Let t be j(-6). Let y = 41 - -1. What is the tens digit of (y/t)/(6/(-176))?
4
Let x = 225 + 3778. What is the units digit of x?
3
Suppose -65*s + 126231 = 69*s - 127*s. What is the tens digit of s?
3
Let a(m) = 19*m**2 + m + 1. Suppose -5 = -b + 40. Let d = 46 - b. What is the units digit of a(d)?
1
Let a = 1 + 3. Let w(g) = g**3 - 8*g**2 + 14*g + 3. Let v be w(6). Suppose -a*m + 169 = -v. What is the units digit of m?
6
Let q be ((-69)/(-6))/((-12)/(-1896)). Let z = q - 1127. What is the tens digit of z?
9
Suppose -3*l = -77 + 26. Let k = l + -11. What is the tens digit of 490/k + 8/12*-1?
8
Let z = 3368 - 928. Suppose -5*b + 5*n = -z, -b + 1961 = 3*b - n. What is the hundreds digit of b?
4
Let o(u) = -20*u**3 - 7*u - 14. Suppose 0 = 3*r + h + 10, 3*r + 21 = 5*h - 1. What is the hundreds digit of o(r)?
2
Suppose 7*t - 22 - 6 = 0. Let g(b) = 153*b**2 - b - 3. Let x(q) = -154*q**2 + q + 4. Let c(y) = t*x(y) + 5*g(y). What is the hundreds digit of c(-1)?
1
Let x be (-18)/((-2)/((-32)/12)). Let n(h) = -1. Let z(d) = 64*d + 20. Let t(f) = x*n(f) - z(f). What is the units digit of t(-2)?
2
Suppose 0 = -10*v - 191 + 51. What is the tens digit of (8/v)/(26/(-728))?
1
What is the units digit of (20/10 - 18/8) + (-2876055)/(-60)?
4
Suppose -11*q = 1312 + 1350. Let o = -142 - q. Suppose 355 = 5*z + o. What is the units digit of z?
1
Suppose -m + b = -2515, 0*m - 4*m = 3*b - 10095. Let h = -1521 + m. What is the tens digit of h?
9
Let s(n) = -n + 4. Suppose 2*h + 25 = 5*a, 3*a + 0*a + 5*h + 16 = 0. Let t be s(a). Let v(d) = 38*d**2 - 2*d + 1. What is the units digit of v(t)?
7
Suppose -6*l + 3*l = -15. Suppose 6*s - 50 = 4. Suppose 44 = s*z - l*z. What is the units digit of z?
1
Let v(l) = 102*l**2 - l. Let j be v(-1). Suppose -2*y - j = -973. Let k = -293 + y. What is the hundreds digit of k?
1
Let g(j) = 4 - j**2 + 92*j**3 + 2*j - 8 + 2*j**2 - 4. What is the tens digit of g(2)?
3
Suppose 9*m - 188 - 253 = 0. What is the hundreds digit of (7 + 8 - -6)/(3/m)?
3
What is the units digit of (4 - (3 - -10)) + (-72640)/(-32)?
1
Let m = -6848 - -8256. What is the hundreds digit of m?
4
Let n(u) = 10690*u - 312. What is the hundreds digit of n(1)?
3
Let a = 10599 - 4958. What is the tens digit of a?
4
Let y(b) = -36*b - 273. Let h = -107 - -85. What is the tens digit of y(h)?
1
Suppose -5*v = -5*y + 3165, 7*y - 3200 = 2*y - 2*v. Let j = 159 - y. Let g = -327 - j. What is the hundreds digit of g?
1
Let h = 26 + -31. Let k be ((-52)/(-5) + 2/h)*2. Let q = k - -7. What is the tens digit of q?
2
Let s be (3 - 0)*1*1. Suppose -12*c = 5*l - 13*c - 2125, 3*l + s*c - 1257 = 0. What is the hundreds digit of l?
4
What is the tens digit of 38792/12*40/(-16)*(-24)/20?
9
Let z be ((-27)/(-5) - 5) + 36/10. Suppose 2*c - 4*t - 1550 = 0, 0*c - z*t - 773 = -c. What is the units digit of c?
7
Let m(b) = -5*b - 167. Let h be m(-32). Let d(z) = -110*z + 24. What is the units digit of d(h)?
4
Suppose 10 = -3*a - p + 50, 4*a = p + 58. Suppose -4*m + a + 26 = 0. What is the units digit of (-4)/10 - (-214)/m?
1
Suppose -3*l - 5 + 14 = 0. Suppose 12*b - 11*b + 3*m - 280 = 0, 0 = -l*b + 3*m + 888. What is the hundreds digit of b?
2
Suppose -h = -4*w + 47158 + 29535, -w + 19181 = -8*h. What is the thousands digit of w?
9
Let z(r) = r**3 - 4*r**2 - 5*r + 12. Let b be z(3). Let v be 1064/12 - (-8)/b. Let y = v + -26. What is the tens digit of y?
6
Let m be 6/(-10)*(-6 + 1). Let d(a) = -a**3 - 8*a**2 + 12*a + 55. Let u be d(-9). Suppose 0 = m*b + z - 193 + u, -275 = -5*b + z. What is the units digit of b?
5
Suppose -147*w - 136536 = -171*w. What is the thousands digit of w?
5
Let b = -18294 - -25966. What is the hundreds digit of b?
6
Let a(z) be the second derivative of z**5/20 + 13*z**4/12 + 4*z**3/3 - 5*z**2 + 2*z - 14. What is the units digit of a(-12)?
8
Let x(f) = -2*f**2 - 48*f + 175. Let r(i) = 4*i + 2. Let m(h) = -4*r(h) - x(h). What is the hundreds digit of m(-31)?
7
Suppose -92 = 3*s + 37. What is the units digit of s + 40 - -2*386?
9
Suppose 15 = -608*m + 611*m, 5*m = 5*b - 46640. What is the tens digit of b?
3
Suppose -71 = -4*m - v, -4*m + m - 3*v + 60 = 0. Suppose m = 4*o + 2*a - 15, -2*a + 24 = 3*o. Suppose 839 = o*k + 127. What is the units digit of k?
9
Let x(h) = -7*h + 7*h + 3*h - 18. Let z be x(16). Suppose -y + z = -60. What is the tens digit of y?
9
Let v be (0 + 1)/((-1)/((-74)/2)). Suppose -v = -j + 367. What is the tens digit of j?
0
Let g be 22/(-4) - (-10)/(-20). Let o be (6/(-4))/(g/12). Suppose 0*t = o*t + 4*d - 149, -4*d - 133 = -3*t. What is the tens digit of t?
4
Suppose 4*g - 242 - 114 = 0. Let f be (3 + 1 - 1) + -3. Suppose f = -9*r + 10*r - g. What is the tens digit of r?
8
Suppose 20*x + 1496 = 12*x. Let s = -4 - x. What is the hundreds digit of s?
1
Suppose -11604 = -3*y - 3*u, 0 = -66*y + 68*y - u - 7718. What is the hundreds digit of y?
8
Let z(u) = 8*u**3 - 6*u**2 + 20*u - 74. Let f be z(6). Suppose 2*c = 3*p - 4254 - f, -4*c + 7716 = 4*p. What is the thousands digit of p?
1
Suppose -43*t + 124672 = 14592. What is the units digit of t?
0
Let x = 111 + -79. Suppose 0 = -3*y + 32 - x. What is the tens digit of 48/(-18)*(y + -2 + -52)?
4
Let o(c) = 92*c**2 - 3*c - 2. Suppose -29*v - 64 - 23 = 0. What is the hundreds digit of o(v)?
8
Let f(c) be the third derivative of c**6/120 + c**5/20 + c**3/2 + 35*c**2. Let i be f(-3). Suppose -2*p - 146 = -i*p. What is the hundreds digit of p?
1
Let a(c) = 21*c + 33. Let k be a(-8). Let l = k - -334. What is the units digit of l?
9
Let i = 59 + -80. What is the units digit of -33*(6328/i)/8?
3
Let y(l) = 5*l**2 - 76*l - 990. What is the hundreds digit of y(51)?
1
Let x = -21093 + 43551. What is the thousands digit of x?
2
Let m = -759 + 1524. Let o = m + -330. What is the units digit of o?
5
Suppose 5*p + 8*t = 4*t + 69737, 3*t + 69786 = 5*p. What is the ten thousands digit of p?
1
Suppose 2*o - b = 20, 38 - 42 = 2*b. Let t(r) = -9 + 9*r + 6 - 14. What is the units digit of t(o)?
4
Suppose 5*r + 7*w = 8*w + 29624, 0 = 5*r + 4*w - 29629. What is the tens digit of r?
2
Let c = -20365 + 39007. What is the hundreds digit of c?
6
What is the hundreds digit of (-669124)/(-10) + ((-54)/(-378))/(25/(-70))?
9
Suppose -14*c - 216286 + 582814 = 2*c. What is the thousands digit of c?
2
Let c = 170 + -112. Suppose -u + c = -94. What is the units digit of u?
2
Suppose 9*f = 2*n + 80205, n = -2*f + 9761 + 8058. What is the units digit of f?
1
Suppose 0 = 124*c - 81*c - 35905. What is the hundreds digit of c?
8
Let r(p) = 9*p**2 + 6 - 10*p**2 + 10*p + 2*p**2 + 7. Let z be r(-9). Suppose 2*g + 2*g - 3*t = 376, -4*t = z*g - 404. What is the units digit of g?
7
Suppose -13*n - 3*i = -7*n - 60108, 0 = n + 3*i - 10023. What is the tens digit of n?
1
Suppose 6*g = 4*g - 2012. What is the tens digit of (g/8 + 6)*-4?
7
Let l = -1 + 0. Let w be (0 + (-5 - -6))*1